he thousands digit of k(12)?
9
Let t(x) = 3*x**2 + 2*x - 13. Let f be 22/(-6) + 8/(-6). What is the units digit of t(f)?
2
Let o = 12925 - 8323. What is the units digit of o?
2
Let b be 2/2 - 0/(-4). Let g be 0/((b - 3)/1). Suppose k - 2*w + 7 = 94, 3*k + w - 275 = g. What is the units digit of k?
1
Let l(p) = 1939*p + 391. What is the thousands digit of l(3)?
6
Suppose 0 = -16*h - 0*h + 2*h + 276794. What is the tens digit of h?
7
Suppose -2*n + 7*n = -65. Let d = -3 - n. Suppose 12*b - 44 = d*b. What is the units digit of b?
2
Suppose -3*r - 26 = 4*q, r + 0*r - 42 = 5*q. What is the units digit of (9 - 35/4) + (-710)/q?
9
Let n(z) = z**2 + 6*z + 4. Suppose 5*g - 2*g = 2*f - 28, 8 = -2*g. Suppose -f*k + 36 = -4*k. What is the tens digit of n(k)?
3
Let r(z) = -21*z**2 + 28*z - 6. Let g(i) = 44*i**2 - 55*i + 11. Let s(a) = 6*g(a) + 11*r(a). What is the tens digit of s(-5)?
3
Let w(x) = -14*x**2 + 28*x + 28. Let u be w(-1). What is the hundreds digit of (-1244)/(u/(-35)*-5)?
6
Let o = 727 + -162. Suppose -3*b = -b + 3*r - o, 4*b - 1115 = -r. What is the tens digit of b?
7
Suppose 4*u - 19382 = -3*q, -5*q - 111*u + 110*u + 32275 = 0. What is the units digit of q?
4
Suppose -570912 = -53*w - 61193 + 117006. What is the ten thousands digit of w?
1
Let j be (((-459)/36)/(-17))/((-1)/(-20)). What is the tens digit of j*(9/(-30)*-106)/1?
7
Let v(b) = 2*b - 27. Let l be v(16). Let c(f) = -7 + 15*f + l*f - 7 + 14*f. What is the tens digit of c(5)?
5
Let a(d) = d**3 - 5*d**2 + 3*d - 12. Let w be a(5). Suppose -g + 4*k + 8 = 0, -w*k = 2*g + 7 + 10. What is the tens digit of (336/15)/(g/(-20)) + -1?
1
Let c(r) = -14*r + 10. Let i be c(1). What is the tens digit of (-30*(-6)/54)/(i/(-984))?
2
Let w be 94*(-1)/((-4)/(-6)). Let p = 107 + 124. Let x = w + p. What is the tens digit of x?
9
Let y = 47753 - -1214. What is the thousands digit of y?
8
Suppose 5*q - 3*p - 6 = -0*p, 5*p - 15 = 0. Suppose 324 = q*h + h. Suppose -d = -103 - h. What is the units digit of d?
4
Suppose -2 = 2*d - 0, 2*d = 4*b + 14. Let y = 2 + 3. What is the units digit of b + y/(5 + -4)?
1
Suppose -3357710 = 242*q - 11968312. What is the units digit of q?
1
What is the units digit of 79802/15 + (-156)/1170?
0
Let n = 338 - 334. Suppose -n*k + 17*k - 17030 = 0. What is the hundreds digit of k?
3
Let y(i) = 7*i**2 - 13*i + 39. Let o be y(13). Suppose o*c + 690 = 1058*c. What is the tens digit of c?
3
Let h(x) = 2953*x**2 + 70*x + 2. What is the hundreds digit of h(-3)?
3
Let u be (10 + -2)*3/6*-202. Let v = u - -436. Let k = -241 - v. What is the tens digit of k?
3
Let h(f) = -f**2 + 13*f - 18. Let l be h(11). Suppose -l*j + 86 = 14. What is the tens digit of 1719/j - (-2)/(-4)?
9
Let f be -318 + ((-243)/54 - 10/(-4)). What is the thousands digit of (f/(-12))/10*(414 - 0)?
1
Let m be 1 - (-3 - -3 - 1). Suppose l + 60 = -m*l. What is the units digit of (l/(-40))/((-2)/(-376))?
4
Let s = 731 - -4577. What is the thousands digit of s?
5
Let o be 45/(-90)*(-73 + -1). Let k = 1557 + o. What is the hundreds digit of k?
5
Let i = -34 - -40. Suppose 0 = i*n + 2*n. Suppose n*k + 305 = 5*k. What is the units digit of k?
1
Suppose -164 = -2*z - 4*r, -21*z + 18*z = -r - 225. What is the tens digit of z?
7
Suppose 3*i + 3*a - 1056 = 0, 2*i = -i + 3*a + 1044. Suppose -48 = 5*n + g - 497, 0 = g + 1. Suppose 0 = 4*k - i - n. What is the units digit of k?
0
Let v(i) = -26*i - 4479 - 28*i + 4471 + 15*i. What is the hundreds digit of v(-16)?
6
Suppose 81*b = 84*b. Suppose b = -3*m - 0*m - 5*c + 1580, -2*c + 525 = m. What is the hundreds digit of m?
5
Let q(o) = 1307*o - 5334. What is the tens digit of q(21)?
1
Suppose -5*l = 2*p - 3714, 7*p + 3735 = 5*l + 2*p. Let q = l + -495. What is the units digit of q?
9
Let r = 22 - -176. Let a be -2 + (-168)/(-78) - 6456/52. Let i = r + a. What is the units digit of i?
4
Let l be -22*(-2)/28 + 18/42. Suppose -2*h = 3*r - 9, 0 = -5*h - 4*r + l*r + 6. Suppose c + 2*c - 177 = h. What is the tens digit of c?
5
Let u(z) = -2598*z - 10332. What is the units digit of u(-15)?
8
Let d = -708 + 705. Let r be (-6)/8 - (-2)/(-8). What is the units digit of r*(2 + 95)*d/3?
7
Let r(m) = -416*m**3 + 5*m**2 + 7*m + 1. Suppose 0 = -28*o + 27*o - 1. What is the units digit of r(o)?
5
Suppose -3*z + 8 = -z. Let f(r) = -r**2 - 3*r + 110. Let g be f(9). Suppose o + 5 = g*o, z*x + 3*o = 455. What is the tens digit of x?
1
Suppose 1315*o = 1284*o + 89466. What is the units digit of o?
6
Let d = 2 - -3. Suppose 4*p - 3*x + x = 648, -5*x + 825 = d*p. What is the tens digit of p?
6
Let w = 5604 - -38329. What is the hundreds digit of w?
9
Let p = -17 + 21. What is the hundreds digit of (-4 + (-95)/p)*-12?
3
Let q be (-3 + 2)/1 - (-95 - -35). Suppose -84 = -60*p + q*p. What is the units digit of p?
4
Let a be (-3 + 1 + 0)*70233/(-246). Suppose -5*b + a + 329 = 0. What is the tens digit of b?
8
What is the units digit of 16/(-10) + (-78)/(-30) - -6226?
7
Suppose -15 = -7*c - 22. What is the units digit of c*20*2/(-4)?
0
What is the tens digit of (((-167)/(-4))/(-1))/(-2*(-2)/(-400))?
7
Let x(i) = 2326*i**2 - 21*i + 65. What is the hundreds digit of x(2)?
3
Let x be (0 + (-56)/(-10))/(1/(-5)). Let a = 119 - x. What is the units digit of a?
7
Let m(p) = 30*p**2 - 204*p + 47. What is the thousands digit of m(24)?
2
Suppose -4*q + 4 = 0, 3*q = 303*g - 308*g + 181398. What is the units digit of g?
9
Let i(q) be the third derivative of q**4/6 - 17*q**3/3 + 6*q**2. Let g be i(14). What is the tens digit of 256/(-6)*(-33)/g?
6
Let s be (-367400)/88*(-4)/30*-3. Let x = s - -2803. What is the units digit of x?
3
What is the units digit of ((-2746)/18)/((-23)/(188784/48))?
7
Let y = -124486 - -189323. What is the ten thousands digit of y?
6
Suppose -2*l + 5827 = 1779. Let y = l - 1331. What is the tens digit of y?
9
Let f(o) = 4*o**2 + 70*o + 26. What is the units digit of f(37)?
2
Let i be -804 + (13/(-5) - (-6)/10). Let b = 390 - i. What is the thousands digit of b?
1
Let f(o) = 5*o - 11. Let g(n) = -2*n. Let c(z) = -f(z) - g(z). Suppose 0 = 3*r + 11 - 2. What is the units digit of c(r)?
0
Let t(w) = -4*w + 29. Let c be t(4). Let k(v) = 17*v - 56. What is the tens digit of k(c)?
6
Suppose -3*t - 170 = -1349. Let j = -260 + t. Suppose -9*r = -j + 34. What is the tens digit of r?
1
Let h(l) = 41*l**3 - 16*l - 40*l**3 - 4*l**2 + 55 - 9*l. What is the tens digit of h(13)?
5
Let b(c) = 4 + 40*c**2 - 32*c**2 - 6*c + 28*c**2. What is the tens digit of b(-4)?
0
Suppose -11*i + 9*i - 4*k = -2708, -i = -k - 1369. What is the tens digit of i?
6
Suppose 0 = 5*i - 2*x - 35544, 5*i - 4*i + 5*x = 7125. What is the thousands digit of i?
7
Let q(l) be the first derivative of -l**3/3 - 23*l**2 - 3*l - 139. What is the units digit of q(-20)?
7
Let i(h) = 2*h**2 + 70*h - 1063. What is the hundreds digit of i(-50)?
4
Let n(y) be the first derivative of -y**3/3 + y**2 + 181*y + 21. Let p be n(0). Let t = p - 98. What is the units digit of t?
3
Let i = 2057 + -1275. What is the units digit of i?
2
Suppose -4*l + 19 = -3*o + 3, 0 = -3*l - 5*o + 12. Suppose 2*n - 2 = -4*t, -4*n + l = 2*t - 0*n. Suppose -y + 8 + 81 = t. What is the units digit of y?
9
Let z be (24/(-32))/(2/376). Let q = z - -176. What is the units digit of q?
5
Suppose -m = 2*p - 62, -2*p + 4*p = 5*m - 310. What is the tens digit of m?
6
Let g(a) = -134*a + 58. Let o(t) = 6*t - 70. Let q be o(11). What is the tens digit of g(q)?
9
Let b be -4 - (9/3 - 6). Let r(g) = -107*g**3 + 3*g**2 - g - 2. What is the units digit of r(b)?
9
Let f = -173 + 182. What is the units digit of f*14/63 + 1078?
0
Let j = -516 - -540. What is the hundreds digit of 2 - ((-6448)/j + 2/(-6))?
2
Suppose 4*f = m + 84, -f - 13 = 4*m - 34. What is the units digit of f/(-6*1/(-58))?
3
Let f(a) = 3*a**2 - 11*a - 1. Let d(t) = -2*t**2 + 5*t. Let o(h) = -5*d(h) - 3*f(h). Let l be o(-8). Suppose 43 = k + l. What is the tens digit of k?
4
Let r(u) = 2169*u**2 + 617*u + 22. What is the tens digit of r(-4)?
5
Suppose y = -2*t + 9480, -13*y + 18*y = -4*t + 18978. What is the hundreds digit of t?
7
Let v = 18909 - 10937. What is the thousands digit of v?
7
Let m = 15443 + -337. What is the tens digit of m?
0
Let o(q) = -16*q + 37. Let a(v) = -15*v + 37. Let f(b) = -5*a(b) + 4*o(b). Let s be f(-16